334740*k + 10376934. What is w(31)?
-6
Let p(q) = -526*q + 47472. Give p(96).
-3024
Let v(j) = -8*j**2 + 895*j - 6663. What is v(8)?
-15
Let u(z) = -26602*z - 239715. Give u(-9).
-297
Let a(z) = z**2 + 14232*z + 779733. Calculate a(-55).
-2
Let n(s) = -23815*s**2 - 71437*s + 20. What is n(-3)?
-4
Let y(w) = -w**3 + 1028*w**2 - 811*w - 221726. What is y(1027)?
106
Let y(i) = -i**3 + 28*i**2 - 383*i + 8601. Determine y(26).
-5
Let g(j) = j**3 + 128*j**2 + 789*j - 7079. Give g(-121).
-61
Let j(u) = u**2 - 10179*u + 192774. Give j(19).
-266
Let u(z) = -80*z + 767. What is u(0)?
767
Let d(k) = k**2 - 385*k - 5140. What is d(-13)?
34
Let i(w) = 1827*w**2 + 125*w - 124. Determine i(1).
1828
Let h(n) = -2*n**3 - 332*n**2 - 12*n - 1375. Give h(-166).
617
Let y(h) = -7761*h - 19232. Calculate y(-2).
-3710
Let p(x) = 5985*x - 125695. Give p(21).
-10
Let r(y) = -37*y**2 + 37300*y + 221053. Calculate r(1014).
1
Let h(d) = -37174*d - 8624359. Calculate h(-232).
9
Let g(n) = 9*n**2 - 112*n - 30666. Determine g(-53).
551
Let f(t) = 233304*t + 8398957. What is f(-36)?
13
Let k(x) = 1917*x - 88482. What is k(46)?
-300
Let h(b) = -106*b - 6193. Calculate h(-59).
61
Let z(d) = 370*d**2 - 42186*d - 56. Determine z(114).
-740
Let n(w) = -11*w**2 + 9554*w - 19117. Give n(2).
-53
Let q(g) = g**3 - 80*g**2 - 128*g - 306. What is q(81)?
-4113
Let d(p) = -20*p**2 + 128*p - 250. Give d(2).
-74
Let h(k) = -146*k**2 + 11691*k - 898. Determine h(80).
-18
Let p(u) = 87716*u - 1666580. What is p(19)?
24
Let d(a) = 2096*a - 52435. Give d(25).
-35
Let x(q) = 224*q - 2294. Determine x(5).
-1174
Let q(x) = 8537*x - 42487. What is q(5)?
198
Let u(t) = -t**2 + 1124*t - 7835. What is u(7)?
-16
Let m(n) = 131623*n - 4343580. Determine m(33).
-21
Let u(w) = 36*w - 5059. Determine u(112).
-1027
Let i(l) = -2*l**3 - 358*l**2 - 2408*l - 82. Calculate i(-172).
-82
Let b(m) = -3801*m - 24090. Give b(-6).
-1284
Let w(p) = 183*p**3 - 11*p**2 + 5*p - 1. Calculate w(2).
1429
Let n(s) = s**3 - 97*s**2 + 1012*s + 66861. Determine n(67).
-5
Let a(n) = -10*n**2 - 1079*n + 71008. Calculate a(-154).
14
Let z(k) = 12*k**2 - 17957*k - 635364. Give z(1531).
1
Let t(w) = -4*w**2 - 149*w + 1235. Give t(-45).
-160
Let b(t) = t**3 + 4*t**2 + 11423*t + 80128. What is b(-7)?
20
Let y(g) = g**2 + 34*g + 521. Give y(-19).
236
Let s(k) = 8*k**3 + 92*k**2 + 24*k + 281. Calculate s(-11).
501
Let h(t) = -65*t**3 + 7*t**2 + 25*t - 60. Determine h(3).
-1677
Let h(t) = -3*t**3 - 20*t**2 + 165*t + 341. Calculate h(-14).
2343
Let c(t) = -t**3 - 87*t**2 + 325*t + 4969. Calculate c(-90).
19
Let v(k) = -6476*k - 201284. Give v(-31).
-528
Let m(s) = s**2 - 182115*s + 6736894. Calculate m(37).
8
Let z(i) = 9*i**3 - 239*i**2 - 634*i - 2. Determine z(29).
114
Let c(z) = -3425*z - 3522. Determine c(-1).
-97
Let v(m) = -2*m**3 + 60*m**2 + 198*m - 56. Calculate v(33).
-56
Let h(j) = -614*j - 3404. Determine h(-11).
3350
Let w(s) = 990*s - 47489. Give w(47).
-959
Let c(o) = -131845*o + 659239. Give c(5).
14
Let g(x) = 7684*x + 30768. Calculate g(-4).
32
Let i(g) = 38853*g + 505151. Determine i(-13).
62
Let m(c) = -74*c**2 - 273*c - 1. Calculate m(-4).
-93
Let z(r) = -4*r**2 - 276*r + 644. Calculate z(-71).
76
Let v(a) = -896*a - 16936. Determine v(-19).
88
Let u(h) = -h**3 + 48*h**2 - 225*h + 10. Calculate u(6).
172
Let u(c) = 26*c - 3714. Give u(-26).
-4390
Let v(q) = 925230*q + 2775639. Give v(-3).
-51
Let t(p) = 8*p**2 - 3530*p - 21186. Determine t(-6).
282
Let y(a) = -349*a - 141758. Determine y(-407).
285
Let q(h) = -15060*h + 647562. Calculate q(43).
-18
Let g(s) = 2*s**2 - 527*s - 226951. Calculate g(-230).
59
Let s(d) = -11*d**3 + 53*d**2 + 2*d + 34. Calculate s(5).
-6
Let r(w) = -w**2 - 133*w - 3429. What is r(-35)?
1
Let y(t) = 183*t - 8284. Give y(46).
134
Let v(i) = -1464*i**2 + 120*i + 119. Calculate v(-1).
-1465
Let m(h) = -1944*h - 241045. Calculate m(-124).
11
Let q(l) = -276745*l - 1937200. What is q(-7)?
15
Let f(z) = z**3 + 2228*z**2 - 31381*z - 77. Give f(14).
21
Let y(g) = 3*g**3 - 3622*g**2 - 2386*g - 36247. Calculate y(1208).
-7
Let p(d) = d**3 + 58*d**2 + 2208. Give p(0).
2208
Let a(d) = -9*d**2 - 417*d - 108. Determine a(-45).
432
Let d(l) = l**3 + 156*l**2 + 3587*l + 309. Calculate d(-128).
-75
Let q(y) = 2*y**2 - 363*y - 13535. Calculate q(-33).
622
Let f(r) = -r**3 + 13*r**2 + 1820*r - 4492. Determine f(-38).
-8
Let h(k) = -22409*k + 537715. What is h(24)?
-101
Let a(c) = -4178*c - 58302. Calculate a(-14).
190
Let p(n) = 4239*n**2 + 67824*n + 3. What is p(-16)?
3
Let m(n) = 446*n**2 - 8932*n + 305. Calculate m(20).
65
Let t(i) = -1098*i - 7287. Give t(-7).
399
Let l(c) = -c**3 - 3*c**2 + 1698*c + 13240. Give l(-8).
-24
Let u(v) = -18*v**3 - 107*v**2 + 11*v + 6. Determine u(-6).
-24
Let m(f) = f**2 - 10777*f - 215946. What is m(-20)?
-6
Let s(a) = a**3 + 18*a**2 - 128*a - 439. What is s(-23)?
-140
Let g(d) = 35*d**2 - 793*d + 137. Calculate g(23).
413
Let p(y) = -y**3 + 25*y**2 + 58*y - 526. Determine p(4).
42
Let q(r) = -6*r + 76. Determine q(-5).
106
Let t(p) = p**3 + 323*p**2 - 544*p + 141524. Calculate t(-326).
40
Let t(v) = 66988*v + 19828447. What is t(-296)?
-1
Let s(b) = -b**3 + 62*b**2 - 709*b - 970. Give s(17).
-18
Let l(i) = 107*i**3 - 324*i**2 + 15*i + 12. Calculate l(3).
30
Let k(u) = -5097*u + 254839. Determine k(50).
-11
Let w(s) = -s**3 - 341*s**2 + 1378*s - 30. What is w(4)?
-38
Let p(b) = 3*b**2 + 501*b + 3029. Determine p(-161).
131
Let v(o) = o**2 + 321*o + 12146. What is v(-44)?
-42
Let s(l) = 370*l - 2843. Determine s(10).
857
Let w(l) = l**3 - 14*l**2 - 186*l + 238. Determine w(23).
721
Let f(v) = -22*v**2 + 2003*v - 25. What is f(91)?
66
Let i(g) = -75*g - 1044. Determine i(-16).
156
Let a(q) = q**2 + 329*q + 26861. Give a(-180).
41
Let j(q) = -18*q**3 - 284*q**2 + 20*q + 45. Give j(-16).
749
Let b(l) = -3*l**3 - 847*l**2 - 25545*l - 267. What is b(-248)?
-19
Let t(p) = -4053*p - 2589870. What is t(-639)?
-3
Let l(n) = -n**3 + 71*n**2 + 107*n - 1731. Give l(72).
789
Let i(c) = -2*c**3 - c**2 + 88*c - 231. Give i(5).
-66
Let h(l) = -19*l**2 - 6602*l - 9656. Determine h(-346).
32
Let x(d) = -d**3 - 75*d**2 - 323*d + 122. Give x(-5).
-13
Let v(b) = 22286*b + 490255. Give v(-22).
-37
Let y(w) = -7*w**2 - 3734*w - 22156. Determine y(-6).
-4
Let b(m) = 2*m**2 + 636*m + 4979. Give b(-8).
19
Let k(p) = 4*p**3 - 1241*p**2 + 1075*p + 145217. What is k(309)?
-13
Let n(c) = c**2 - 364*c - 5320. Calculate n(378).
-28
Let h(c) = 1043*c - 53224. What is h(48)?
-3160
Let t(u) = -48*u**2 - 1196*u + 2400. What is t(2)?
-184
Let b(a) = 8*a**3 - 11*a**2 - 118*a + 411. What is b(5)?
546
Let l(q) = 45101*q - 631392. What is l(14)?
22
Let a(h) = -h**2 - 411*h - 42700. Determine a(-229).
-1022
Let h(m) = 6593*m - 158223. Determine h(24).
9
Let b(s) = 161293*s + 1. Calculate b(0).
1
Let o(n) = -51*n**2 - 5861*n + 12425. Give o(-117).
23
Let g(p) = -p**3 - 3*p**2 + 4315*p + 12959. What is g(-3)?
14
Let t(m) = m**3 - 53*m**2 - 30096*m + 283. What is t(-149)?
-15
Let p(m) = -252*m - 1053. Determine p(-10).
1467
Let k(n) = -n**3 - 43*n**2 + 824*n + 36432. What is k(-42)?
60
Let x(g) = -9*g**3 - 2510*g**2 + 96093*g + 626. Determine x(-313).
0
Let i(m) = 24*m + 770. What is i(-32)?
2
Let u(n) = -1632*n + 57167. What is u(35)?
47
Let j(t) = 5*t**3 - 111*t**2 - 818*t + 50. What is j(-7)?
-1378
Let m(u) = u**3 + 17*u**2 - 305*u - 292. Calculate m(-27).
653
Let q(z) = 13*z**2 - 146*z + 296. Determine q(4).
-80
Let q(n) = 2*n**3 + 3*n**2 + 167*n + 456. What is q(0)?
456
Let g(y) = -5570*y - 33048. Determine g(-6).
372
Let b(r) = r**3 - 66*r**2 + 302*r - 19070. Determine b(66).
862
Let c(f) = -11*f**3 - 5321*f**2 + 1382*f - 33876. Determine c(-484).
4
Let g(y) = 1278*y + 24242. Determine g(-19).
-40
Let j(u) = -2617*u + 36685. What is j(14)?
47
Let k(b) = -10353*b + 1583977. What is k(153)?
-32
Let t(h) = 424*h - 8585. Calculate t(20).
-105
Let q(o) = 43734*o - 2711502. Determine q(62).
6
Let o(n) = 306*n**2 - 95623*n - 48526. Determine o(313).
-11
Let h(l) = -38572*l + 231421. Give h(6).
-11
Let d(k) = 11408*k + 11347. Give d(-1).
-61
Let x(j) = 243*j**2 + 3164*j + 5406. Determine x(-11).
5
Let q(k) = 23984*k - 1607277. Calculate q(67).
-349
Let p(g) = -3*g**2 - 67*g + 14. Determine p(-29).
-566
Let i(w) = 123